nder when 197 is divided by l.
37
Let d(w) = -w**3 + 7*w**2 - 2*w - 6. Let n(i) = 12*i. Let b be n(3). Suppose 0 = f + f - b. Calculate the remainder when d(5) is divided by f.
16
Let b be 3/(1*-9)*-18. Calculate the remainder when 27 is divided by (20/6)/(b/27).
12
Suppose 294 = 6*i + i. What is the remainder when i is divided by 23?
19
Let c be 0 + 3 - (-3)/3. Let u = c - -7. Suppose -a + 24 = 3*a. Calculate the remainder when u is divided by a.
5
Let w = -9 - -19. What is the remainder when 17 is divided by w?
7
Suppose -4*q + i = -63, -5*q - 2*i + 65 + 30 = 0. Suppose -2*u = q + 9. Let l = -1 - u. Calculate the remainder when 35 is divided by l.
11
Let t(x) = 2*x + 26. What is the remainder when 53 is divided by t(-4)?
17
Suppose -4*r + 111 = -29. Suppose 2*t = 5*t - 4*y - 80, -y = 2*t - r. Calculate the remainder when t is divided by 7.
6
Let j(t) = 2*t**2 + 4*t + 3. Calculate the remainder when j(-7) is divided by 19.
16
Suppose 4*m - 538 = 3*a, 4*m - 60 - 462 = -5*a. What is the remainder when m is divided by 34?
31
Let y be ((-1)/5 - (-2 + 2))*-5. Let d = -4 + -4. Let c = y - d. What is the remainder when 26 is divided by c?
8
Suppose s - 1 = y + 3, -3*s + 2 = 2*y. Let a = 16 + -23. Let r(x) = -x**3 - 6*x**2 + 7*x + 1. Calculate the remainder when s is divided by r(a).
0
Suppose -3*v = -3*m + v + 1, -m - 3*v = -9. Calculate the remainder when 10 + (-3)/(-9)*m is divided by 6.
5
Calculate the remainder when ((-16)/(-6))/(6*2/90) is divided by 11.
9
Suppose 5*f - 28 = -2*s, 5*s + 3*f - 49 = f. Let u(y) = -3*y - 4. What is the remainder when u(-6) is divided by s?
5
Let l = -2 - -2. Suppose -4*j + 4*m = l, 5*m + 5 = -j + m. What is the remainder when 43 is divided by j + (-3)/(9/(-48))?
13
Let i be 4*(36/16 + -1). Suppose -45 - 55 = -i*d. What is the remainder when d is divided by 11?
9
Let g = -42 - -64. What is the remainder when 87 is divided by g?
21
Let l = -32 + 64. Calculate the remainder when l is divided by 12.
8
Suppose -z - 1 = -2*x - 8, -5*z + 71 = 2*x. What is the remainder when z is divided by 4?
1
Let r = 18 + -16. Calculate the remainder when 11 is divided by r.
1
Suppose 4*w - r = 2*w + 51, -3*w + 2*r = -78. Calculate the remainder when 45 is divided by w.
21
Let t be (-356)/(-4) - -1*1. Suppose t = 10*j - 4*j. Calculate the remainder when 58 is divided by j.
13
Suppose -u = -5, -n + 4*u = 9*u - 24. Suppose 0 = 4*f + 2*b - 12, 2*f + 3*f - b = 15. Calculate the remainder when (-4 + 0)*(n + 0) is divided by f.
1
Let z(p) = -p + 1. Let a be z(-3). Suppose -2*f + 0*f - 2*s = -68, 133 = a*f + s. What is the remainder when f is divided by 9?
6
Let g be ((-2)/1)/(10/(-60)). Suppose -4*s = -0*s - g. What is the remainder when 7 is divided by s?
1
What is the remainder when 14 is divided by (4 + -4)/(-1) - -8?
6
Suppose 6 = 2*x - 0*x. Let r = -1 + x. What is the remainder when (-3 - r)/(-2 + 1) is divided by 3?
2
Suppose -363 = -4*j - 7*j. Calculate the remainder when 85 is divided by j.
19
Suppose 0 = 5*r + 2*a - 134, 0 = 5*r - 5*a - 37 - 83. Calculate the remainder when 17 is divided by 126/r - 26/(-169).
2
Let m = 52 + -31. Let n = 66 - 39. Suppose -4*z - n + 275 = 0. Calculate the remainder when z is divided by m.
20
Suppose 0 = 7*r - 3*r - 4. What is the remainder when 3/6*2 + 1 is divided by r?
0
Let b = 23 - 11. What is the remainder when 34 is divided by b?
10
What is the remainder when (-104)/(-18) + 2/9 is divided by 3?
0
Let a = 47 - 66. Let f = a - -29. Suppose -h + 6*h - f = 0. What is the remainder when 4 is divided by h?
0
Suppose 5*c = b + 50, 4*b - 10 = -c - 0*b. Let d(k) = k**2 - 10*k + 14. What is the remainder when 26 is divided by d(c)?
12
Suppose -5*m + 16 = b, -3*m = 3*b - 0*b - 12. What is the remainder when 10 is divided by m?
1
Let f = -3 + 8. Suppose -f*c + 16 = 2*v, 2*v = 6*v + 2*c - 64. What is the remainder when v is divided by 5?
3
Calculate the remainder when 0/2 + (-25)/5 + 88 is divided by 21.
20
Let o(h) = 7*h**2 + 3*h - 1. Let g be o(3). Suppose 5*a + 2*v - g = -2*v, -20 = -5*v. Calculate the remainder when 21 is divided by a.
10
Suppose 208 = 5*q - 2*n, 24 - 152 = -3*q - 2*n. What is the remainder when q is divided by 9?
6
Let v(w) = -7*w - 6. Calculate the remainder when 73 is divided by v(-3).
13
Let n = 76 - 26. Let a(z) = -z**3 + 2*z**2 - 2. Let u be a(4). Calculate the remainder when n is divided by 3*u/(-18)*3.
16
Suppose -4*d - 14 = -f, 6 = -4*d + f - 4*f. Let l(n) = n**2 - 7*n + 8. Let w be l(6). Let p = w - d. What is the remainder when 19 is divided by p?
4
Suppose -4*f + 2*n - 3*n = -85, 2*f - 2*n - 40 = 0. Suppose q = 3*q - 162. Calculate the remainder when q is divided by f.
18
Let t(o) = o - 4. What is the remainder when 8 is divided by t(6)?
0
Let l = 12 - -28. Suppose 37 = 3*s + 5*t - 20, s - t = 11. Calculate the remainder when l is divided by s.
12
Calculate the remainder when (-3)/((-6)/8)*34/4 is divided by 12.
10
Let x = -31 + 17. Suppose -2*g + 98 = 5*f, f + 2*g - 15 = -3*g. Let h = f + x. Calculate the remainder when 16 is divided by h.
4
Let m(k) = -k**2 - 8*k + 5. Let d = 276 + -197. What is the remainder when d is divided by m(-5)?
19
Suppose 0 = -p - h + 8, 5*h + 30 = 11*p - 6*p. What is the remainder when p is divided by 2?
1
Let y(d) = -2*d - 8. Let b be y(-16). Let p = -1 + 3. Suppose b = 5*q - p*q. What is the remainder when 15 is divided by q?
7
Let p(m) = -m**2 + 42*m + 360. Let b(y) = 2*y - 7. Calculate the remainder when p(49) is divided by b(6).
2
Let r = -11 - -53. What is the remainder when r is divided by 16?
10
Suppose 10 = 4*z + z. Suppose -n = -z*n. Suppose 5*b - b - 140 = n. What is the remainder when b is divided by 12?
11
Let a = 1 + -1. Suppose -5*r - 4*p - 22 + 210 = a, -5*p = -2*r + 95. What is the remainder when r is divided by 21?
19
Suppose -5*u + y = 3*y - 108, 5*y = 5*u - 115. Let d(o) = o**3 - 3*o**2 - o - 4. What is the remainder when u is divided by d(4)?
6
Let c = 136 + -84. Calculate the remainder when c is divided by 14.
10
Suppose 0 = 13*c - 43 - 9. What is the remainder when 22 is divided by c?
2
Let c = -2 - 0. Let n be ((-4)/(-10))/(c/20). Let p = n + 31. Calculate the remainder when p is divided by 14.
13
Suppose 3*u - u + 4*t = 26, -3*u + 44 = t. Let w = u - 6. What is the remainder when 26 is divided by w?
8
Suppose -5*p - 5 = 0, -4 - 5 = c - 2*p. Let a(r) = r + 16. What is the remainder when 17 is divided by a(c)?
2
Suppose 5*k + 17 = -18. Let j(g) = g + 5. Let t be j(k). Calculate the remainder when 3*-1 - (t + -26) is divided by 7.
4
Suppose -3*p + 2*u = -55, -2*p + u + 6 = -29. What is the remainder when 6*((-11)/(-3) - -1) is divided by p?
13
Suppose -4 = -0*q - 4*q. Calculate the remainder when q is divided by 1.
0
What is the remainder when 60 is divided by 4/(-26) - (-1672)/52?
28
Suppose p - 9 = -2*z + 3, -5*z - 15 = -5*p. Calculate the remainder when 12 is divided by (4/(-6))/(p/(-63)).
5
Suppose 4*g - 3*d = -59, 5*g + 2*d = -3*d - 100. Let b = g + 32. What is the remainder when b is divided by 9?
6
Let t(u) = 6*u + 3. Let b be t(4). Suppose -3*x + 99 - b = 0. Calculate the remainder when 69 is divided by x.
21
Let i = 1 + 1. Suppose 60 = 4*w + 2*x, -45 = -w - i*w - x. Calculate the remainder when w is divided by (16/(-6))/(2/(-6)).
7
Let w(q) = q**3 + 3*q**2 - 2*q + 1. What is the remainder when 66 is divided by w(2)?
15
Let y = 52 + -33. What is the remainder when y is divided by 8?
3
Calculate the remainder when 3 - (3 + -106 - 0) is divided by 18.
16
Let g = 35 + -12. Suppose 2*c + 3*s - 131 = 0, -5*c + 4*s + 348 = 9. Calculate the remainder when c is divided by g.
21
Let i be 8/(-2) - (-7 + 3). Suppose -5*z + 7*z - 22 = i. What is the remainder when 27 is divided by z?
5
Suppose 0 = -2*v - 0*r + 2*r - 40, 0 = -v - 4*r. Calculate the remainder when 8 is divided by v/(-24) - 14/(-6).
2
Let b(d) = d**3 + 9*d**2 + 2*d + 8. Let g be b(-9). Let v = 23 + g. What is the remainder when 25 is divided by v?
12
Let h(q) be the first derivative of q**2/2 + 2*q + 2. Let s(f) = f**2 - 5*f + 6. Let a be s(5). What is the remainder when 29 is divided by h(a)?
5
Let o = 330 - 81. Calculate the remainder when o is divided by 10.
9
Suppose -2*t = a - 17, -2*a + 2*t + 5 = -5. What is the remainder when 34 is divided by a?
7
Let d 